**2 + 4*r - 3. Let j be u(-5). Suppose 0 = 4*p - 2*d - 322, 0 = 2*p - j*d + 65 - 229. Is p composite?
False
Suppose -v + 2*r = -390, 2*r = r. Suppose -2*a + 324 - 122 = -4*c, c = 4*a - v. Is a a prime number?
True
Suppose 0 = -2*p - 8*x + 3*x + 9, 5*p = -4*x + 14. Let g = p - 1. Let f = g - -13. Is f a prime number?
False
Suppose -3 = -3*l, 2*y - y - 5*l - 1 = 0. Suppose -v + y*v = 260. Suppose 5*a = -2*i + 45 + 14, -v = -i + 5*a. Is i composite?
False
Suppose -2*n - 4 = -3*o - 2, 0 = -o - 2*n + 14. Suppose 0 = -o*u + 159 + 205. Is u composite?
True
Let i(c) = 24*c + 5. Is i(6) a prime number?
True
Let i = 976 - 287. Is i prime?
False
Suppose -205 - 135 = -4*s + 4*d, -2*s + d = -170. Is s prime?
False
Let m(g) = -2*g - 3. Let n be m(-3). Let w = n - 3. Is w - (-2)/(4/46) a prime number?
True
Let y = -2069 + 2978. Let t = y + -490. Is t composite?
False
Let u(t) = -21*t - 16. Is u(-30) a composite number?
True
Suppose 3*d = -o - 0*d + 6, -4*o + 6 = 3*d. Suppose 5*l + 2*j + o*j = 170, -34 = -l - 5*j. Is l a composite number?
True
Let v(b) = b + 3. Let g be v(0). Let f be 200 - (1 + (0 - 0)). Suppose -g*h + 2*k - 3*k = -158, 4*h = k + f. Is h composite?
True
Is 7/(567/18) + (-6307)/(-9) prime?
True
Suppose 0 = 3*z + z + 84. Is (-1998)/z + (-4)/28 prime?
False
Let q(p) be the second derivative of p**3/2 + 3*p. Let g be q(-3). Is 10/((-1)/(g/6)) a prime number?
False
Suppose -c = c + 6, c = 2*r - 1537. Is r prime?
False
Let i(r) = -5*r**2 + 5*r**2 - r**3 - 6 - r + 7*r**2 + 4*r**2. Is i(5) composite?
False
Let o be 33/27 - (-4)/(-18). Is o/(-2 + 1147/573) composite?
True
Let x be (2 - -1)/((-12)/(-28)). Let l be 564/14 - 2/x. Suppose 3*j - 3*g + 4*g = l, -g - 58 = -4*j. Is j a prime number?
False
Let s be 11 + 224 - 1/1. Is (s - 8)*2/4 prime?
True
Let o(b) = -39*b. Let g be o(-1). Let u be 2/4*(2 - -2). Suppose g = c + u*c. Is c a composite number?
False
Let u = 4 + -9. Let b(k) = -4*k + 2*k**2 + k**3 + 5 + 1 - 2 + 4*k**2. Is b(u) composite?
True
Let l = 12662 - 8875. Is l a composite number?
True
Let z = 76 + 0. Let f = z + 127. Is f a composite number?
True
Let t(y) = 3*y**3 - 5*y**2 + y - 3. Let s be t(4). Suppose -i + 61 = 4*c, -2*c - s = -2*i - c. Is i a composite number?
True
Suppose 2*n + 3 - 5 = -v, v = n - 7. Suppose 0 = -h + 1, 0*h + n*h = -2*j + 225. Is j prime?
False
Let q = 273 + -518. Let c = 8 - q. Is c a prime number?
False
Suppose -3*h + 2*x = -1164 - 21667, 2*h = 4*x + 15226. Is h a prime number?
False
Suppose -41*m - 1893 = -44*m. Is m composite?
False
Let p(a) = -a**3 + 3*a**2 - a. Let u be p(2). Suppose -u*k - 7*i = -3*i - 6, -5*k + 1 = -4*i. Is 206/3 - k/(-3) a prime number?
False
Suppose -2*a + 209 = 71. Is a prime?
False
Suppose -x = -5*j + 233, -j = -2*j + 2*x + 43. Suppose 3*p - 182 = 5*d, 4*d = -p + j + 8. Is p composite?
False
Let r(h) = 343*h + 8. Is r(2) composite?
True
Let u(q) = -4*q**2 + 7*q - 4. Let g(o) = -3*o**2 + 8*o - 4. Let s(c) = 3*g(c) - 2*u(c). Let r be s(8). Let w = r - 9. Is w composite?
False
Let z(h) = 2*h**2 - 7*h + 8. Is z(7) a prime number?
False
Let a = 3 + -1. Suppose 4*k - 20 = -3*q + 3, -a*k + 2*q + 8 = 0. Suppose -5*v - 2 = 2*g, v + 33 = k*g + 11. Is g a prime number?
False
Let n be (-8)/12 - 10/(-6). Suppose -3*v + 6 = -5*v. Is (-6)/v + (82 - n) a prime number?
True
Let m(k) = 11*k - 14. Is m(3) prime?
True
Let h be (8/(-6))/(10/705). Let w = 131 + h. Is w a composite number?
False
Let t = 657 - 406. Is t a prime number?
True
Let g = 2703 + -1048. Is g composite?
True
Is -4*7/56 + (-2086)/(-4) a composite number?
False
Is (5 - (-5 - -9))*3694 prime?
False
Let d(u) = -u**3 + 15*u**2 - 5*u - 13. Is d(14) a prime number?
True
Let o be (-3)/(-6) - 254/4. Let l = -29 - o. Is l prime?
False
Suppose 3*l - l = 2. Let j be ((-15)/(-9))/(l/(-12)). Let t = j + 39. Is t prime?
True
Suppose -3*o + 345 + 534 = 0. Is o a prime number?
True
Let x = 254 + -160. Is x a prime number?
False
Let k(y) = -y**3 - 8*y**2 + 26*y + 10. Is k(-13) composite?
True
Let r(b) be the second derivative of 2*b**3 + 11*b**2/2 + 3*b. Let p be r(9). Suppose p - 304 = -5*v. Is v a prime number?
True
Let k = 149 + -96. Suppose -k = -4*i + 95. Is i a composite number?
False
Let r(i) = -2*i - 6. Let b be r(-6). Is 45/b - (-4)/(-8) a prime number?
True
Suppose v - 54 = -v - 2*p, -4*v = -3*p - 136. Is v composite?
False
Let h be 98/35 + 2/10. Let v(r) be the first derivative of 17*r**2/2 - 2*r - 1. Is v(h) composite?
True
Let j be 1/2*0/(-4). Suppose 4*m - 103 = -3*i, 4*i - 2*i - 4*m - 82 = j. Is i a composite number?
False
Let c(k) = -3*k - 7. Let m be c(-13). Suppose 0 = 4*h - 6 - 10. Suppose 106 = f + h*l + m, 4*f + 2*l = 240. Is f composite?
True
Is 414/12*28/6 composite?
True
Suppose 9*t - 494 = -71. Is t prime?
True
Suppose 0 = -0*m + 2*m + v - 177, 2*m = -5*v + 157. Is m a composite number?
True
Let n = -154 - -645. Is n a composite number?
False
Let i = 67 + -21. Let t(g) = g**3 - 6*g**2 - 8*g + 10. Let p be t(7). Is -2 + i/6*p a prime number?
False
Let f(j) = -13*j - 1. Let l be f(-6). Suppose -c - 2*y = -y - 6, c - 5*y = 0. Suppose c*g - d - 18 - l = 0, g - 19 = 4*d. Is g a prime number?
True
Suppose -a = -3*f + 154, a + 0*a + 52 = f. Is f + (-2)/(-1) - 2 a prime number?
False
Let g(f) = -53*f - 21. Is g(-4) a composite number?
False
Let j = 7279 + -3872. Is j a prime number?
True
Let x = 12 - 64. Let p = 98 + x. Is p composite?
True
Let c = -154 + 407. Suppose -2*o + c = g, 3*o - 4*g - 32 = 353. Is o prime?
True
Suppose 0 = -5*t + 4*c + 10, 2*t - 3*c = -t + 9. Let b = 1 + -1. Is 2 + b*(t - -3) prime?
True
Suppose 0 = -0*d + 2*d + 3*w + 17, -d - 2*w - 10 = 0. Let x(q) = -29*q. Let g be x(-9). Is g/12 + (-1)/d prime?
False
Let d(q) = q + 6. Let w be d(-3). Let k be (4 - 0)*935/20. Suppose -3*j + k = -t + 48, 0 = -w*j - 2*t + 136. Is j composite?
True
Suppose 0 = -4*w + 2*l + 132, -2 = 2*l - 10. Is w a composite number?
True
Let r(w) = w - 11. Let b be r(11). Suppose 2*y - 179 - 75 = b. Is y prime?
True
Let x(y) = 89*y. Suppose 0 = 5*z - 7 + 2. Is x(z) prime?
True
Let t(c) = -4*c**3 - 5*c**2 + 9*c + 1. Is t(-6) composite?
False
Let u be ((-5)/(-3))/((-3)/(-18)). Is 468/20 - 4/u prime?
True
Is ((-27)/6)/1*134/(-3) prime?
False
Suppose -2*u + 6 = 0, -2*n - 12 = -0*u - 4*u. Let j = 3 + n. Suppose i = -3*w - 3*i + 111, -w + j*i = -24. Is w composite?
True
Let o = 0 - -20. Suppose -3*h = h - o. Let z = h + 44. Is z a prime number?
False
Is 603/11 - (-12)/66 prime?
False
Let q(s) = -2*s**3 + 10*s + 3. Is q(-7) a composite number?
False
Let t = 19 - 11. Suppose -61 = -f + t. Is f a prime number?
False
Suppose -3*r = -w - w + 6, 5*r + 3 = w. Suppose -w*b = 15, t - 4*t + b = -752. Is t composite?
True
Let k = -305 - -670. Is k a composite number?
True
Suppose 0 = 2*w - 3*j + 27604, 3*w - 6456 + 47879 = -4*j. Is 2/9 - w/45 a prime number?
True
Let r be (2/7)/(13/91). Suppose r*s - 12 + 6 = 0. Is s a composite number?
False
Let f be 2/(-3)*63/(-14). Suppose 0 = -f*v + 5*o + 19 + 1, -3*v - o + 32 = 0. Is v prime?
False
Is (1 + -3)/(12/(-3342)) a prime number?
True
Let f be (1 + 723/9)*3. Let o = f - 147. Is o prime?
True
Let t = 2 - -1. Let j(x) = 9*x**2 - 2*x - 2. Let d(h) = 26*h**2 - 6*h - 6. Let i(w) = 4*d(w) - 11*j(w). Is i(t) composite?
False
Suppose i = -0*i + 42. Let c(v) = -1 + i*v + 4 - 4 + 6. Is c(6) prime?
True
Let y be (-64)/(-24)*15/4. Suppose 5*g + y = 0, g + 436 = 4*n - 2634. Is n a composite number?
True
Suppose 4*r = -y - y + 838, -3*y = -2*r + 431. Is r a composite number?
False
Let y = -11 - -17. Suppose -5*g - 9 = 3*h, -5*g = -2*h + y*h + 7. Is h prime?
True
Suppose -4*t = n + 92, -n = -4*t + 2*n - 108. Let p = t - -142. Suppose 0 = 4*v - 5*a - p + 14, 3*a = -12. Is v a prime number?
False
Let j = 13 - -5. Let i be 2380/22 - j/99. Let y = 197 - i. Is y a composite number?
False
Let u be (0 - -2) + -1*1. Suppose 16 = 2*i + 5*j - 0*j, 0 = -j + 4. Is (i - 0) + 147*u prime?
False
Is 1 - (1404/(-3))/2 a prime number?
False
Let g(l) = l**2 + 7. Let i be g(0). Is (-59 - 0)/((-7)/i) composite?
False
Let q(r) = -5*r + 4*r**2 + 3*r - 6 + 2 + 3*r. Is q(-5) composite?
True
Let a be ((-16)/(-6))/((-6)/(-9)). Suppose -2*c + 5*b + 26 = -c, 4*b = -a. Is c composite?
True
Let i = 4 + -3. Let j(d) = 3*d. Is j(i) a composite number?
Fals